 = 4*b(v) + 5*l(v). Let x be p(-3). Give y(x).
1
Let b(y) = -y**3 - 6*y**2 - 4*y + 5. Suppose 2*n - 3*n = -6. Suppose 3*t = -3, -i - 4*t - n = -1. Let o = i + -4. Calculate b(o).
0
Suppose 2*w = 3*t + 7, -4*t - 3*w + 24 = w. Let b = t - 13. Let r be b/(-8)*(1 - -3). Let c(k) = -k**2 + 8*k - 8. Determine c(r).
4
Let d(q) be the first derivative of q**4/4 + 7*q**3/3 - 4*q - 12. Give d(-7).
-4
Let o be (-27)/(-12) - 3/(-4). Let t be (-10)/2*(2 - o). Let g(i) = -i**2 + 2*i + 6. What is g(t)?
-9
Let g(t) = -7*t**3 + t**2 - 1. Let k = 10 - 7. Suppose c - k = -2*c. Determine g(c).
-7
Suppose -3*i + 11 = -4*i - h, -2*h = 4*i + 46. Let b = -14 - i. Let t(q) = -2*q**3 + 2*q. Calculate t(b).
12
Let z(a) = -a**3 + 1. Let x(v) = -2*v**3 + 7*v**2 - 9*v + 9. Let o(r) = x(r) - z(r). Let y = 23 + -17. Calculate o(y).
-10
Let o(a) = a - 2. Let h(s) = -1 + 1 - 1 + 6*s**2 + 0. Let b be h(-1). Give o(b).
3
Let w = 2 - 4. Let z(i) = -i. Let c be z(w). Let l(f) = -3*f**2 + 2*f. Give l(c).
-8
Let n(t) be the third derivative of -t**5/60 - 3*t**4/8 - t**3/3 - 10*t**2. Determine n(-6).
16
Let k(h) = -h**3 - h**2. Let c be k(-2). Let i be -2 + (1 + 26)/3. Let o(r) = i + r - c*r + 0. Give o(5).
-8
Let x(r) = r**2 + 4*r - 6. Suppose -5*l + 3*h - 12 = 0, -3*h + 12 = -0*l + l. Suppose 2*w - 2 + 12 = l. Determine x(w).
-1
Suppose -3*k = -5*p + 6, -5*k = -0*p + 4*p - 27. Let i = 5 - k. Let j(n) = -n**3 + 2*n**2 - 3*n + 3. What is j(i)?
-3
Let t(i) be the third derivative of 7*i**5/60 + i**2. Suppose -5*l - 4*o - 85 = o, 0 = 4*l + 5*o + 67. Let j be (12/l)/(4/6). Give t(j).
7
Let l(h) = 2*h - 6. Let i be 10/2 - (-10 - -9). Determine l(i).
6
Let v(h) = -8 - 3 + 10*h + 0. Let z(q) be the second derivative of -7*q**3/6 + 7*q**2/2 - 3*q. Let p(a) = 5*v(a) + 8*z(a). What is p(-1)?
7
Let o(g) = 18 + 22 + 2*g - 36 - 3*g. Let y = -13 + 19. Determine o(y).
-2
Let y(m) be the first derivative of -m**4/4 + 4*m**3/3 + 3*m**2/2 + 4*m - 1. Suppose 2*r + 0*r = 0. Suppose r = -3*i + 4*i - 5. Calculate y(i).
-6
Let w = 13 + -13. Let v(b) = b - 13. Give v(w).
-13
Let f be 6/(-4)*8/(-6). Suppose -3*d + f*d + 3 = 0. Let t(k) = k - 4. Calculate t(d).
-1
Let j(b) = 2*b**2 - 3*b - 3. Suppose 0 = -5*o + 4*c + 35, 7*c - 3*c + 8 = -4*o. Calculate j(o).
6
Let t(i) be the second derivative of -i**6/360 + i**5/15 - i**4/6 + 2*i**3/3 - 5*i. Let u(s) be the second derivative of t(s). Determine u(6).
8
Let d(n) be the second derivative of -14*n**3/3 + n**2/2 + 6*n + 3. Calculate d(1).
-27
Let d(b) = -b**3 - b**2 + 1. Let g(c) = -c**3 - 6*c**2 + 3*c + 5. Let f(j) = -2*d(j) + g(j). Suppose 0 = -5*x + x + 12. Calculate f(x).
3
Suppose -3*c + 2 = -4. Let s(g) = 3 - g**c - g + 4*g - g. Determine s(3).
0
Let w(u) = -u**3 - 6*u**2 - 6*u - 6. Suppose -132 = -5*v - 2*y, 7*v - 3*y - 101 = 3*v. Suppose -5*k = 4*z + 40, -4*z - 2*k - v = 2. Give w(z).
-1
Let z(k) = 7*k**2 + 1 - 8*k**2 + 0. What is z(2)?
-3
Suppose -h = -0*h. Suppose z - 5*z + 3*f + 28 = 0, z - f - 8 = h. Let u(x) = -3 + z - 4*x + x**2 + 0. Determine u(4).
1
Let d(v) = 2*v**2 - v**2 + 10*v - 11*v + 1 - v**3. Let h(i) = 2*i**3 - 4*i**2 + 2*i - 11. Let k(l) = 3*d(l) + h(l). Determine k(0).
-8
Let j be (6/5)/(15/(-100)). Let r(v) = -v - 13. What is r(j)?
-5
Let u(a) = -2*a - 5. Let x be (-42)/10 - 1/(-5). Let c(p) = -p**2 - 5*p - 2. Let j be c(x). Let v = j - 6. What is u(v)?
3
Let h(j) = 13*j - 22*j - 3 + 5*j. Determine h(4).
-19
Let h(x) = x**3 - 5*x**2 - 3*x + 6. Suppose -2*c - n - n = 10, -3*n = c + 15. Suppose c = -5*k + 3*k + 10. What is h(k)?
-9
Let r(x) = -x**2 + 5*x + 11. Let y = 17 - 9. Calculate r(y).
-13
Suppose 0 = -5*r - 0*r - 5. Let f be (r/(-3))/((-1)/(-12)). Let z(q) = q**2 + f + 4 - q**3 + 0*q**2. Calculate z(0).
8
Suppose -8 = 2*k - 2, 4*v = -2*k + 10. Let f(b) = -b**2 + 3*b + 1. Calculate f(v).
-3
Let k(d) = -8*d - 58. Let n be k(-7). Let x(l) be the third derivative of l**5/12 + l**4/12 - l**3/3 + l**2. Give x(n).
14
Let g(k) = -3*k**2 + 2*k - 2. Let v = -1 + 6. Suppose 2 = v*d - 8. Calculate g(d).
-10
Let z(l) = -3*l**2 - 4*l - 2. Let v(d) be the first derivative of 5*d**4/2 - d**3/3 - d**2/2 - d - 2. Let s be v(-1). Let c be 2/10 - s/(-5). Calculate z(c).
-6
Let p(f) = -5*f + 2. Let n(b) = b**2 - 9*b + 3. Let g(x) = -3*n(x) + 5*p(x). What is g(2)?
-7
Let b(s) = -s + 4. Let q = -6 - -3. Suppose 0*z = z + 3. Let y be (-13)/z - q/(-9). Give b(y).
0
Let t(j) be the third derivative of 3/40*j**6 + 0*j**5 + 0 + 0*j**4 + 1/6*j**3 + 4*j**2 + 0*j. Calculate t(1).
10
Suppose -m = 2*x + 3*x - 72, 4*m - 33 = -3*x. Let g(n) = -x + 14 - 2*n + 5*n. Let z(h) = -2*h + 1. Let v be z(1). Determine g(v).
-4
Let f(j) be the second derivative of 1/12*j**4 + 1/2*j**2 + 0 + 2*j - 1/2*j**3. Determine f(4).
5
Let k(g) be the third derivative of -1/6*g**4 + 0*g - 1/2*g**3 + 0 + 1/120*g**5 + 2*g**2. Let q(y) be the first derivative of k(y). What is q(0)?
-4
Suppose 0 = 2*f - f. Suppose v = 3*r, -2*v + 4*v = f. Let b(m) = -m**3 + m**2 - 11. Give b(r).
-11
Let l(w) = -2*w**2 + 8*w - 3. Let u(i) = -5*i**2 + 23*i - 9. Let t(s) = -8*l(s) + 3*u(s). Let h be t(-6). Let a(r) = h - r - 5*r + r**2 + 0. What is a(4)?
-5
Let p(g) = g**3 - 8*g**2 - 11*g + 11. Let w be p(9). Let q(v) = -v**2 - 7*v + 2. Let l be q(w). Let u(a) = -3*a**2 - 6*a + a + 5 + 4*a**2 - l*a. Give u(5).
-5
Let m(w) = -w**3 + 3*w**2 + 2*w + 3. Suppose 0 = 3*q - 17 + 5. Give m(q).
-5
Suppose 0*m - 3 = -3*m. Let v be -4*(m - (-14)/(-8)). Let g(t) be the first derivative of t**4/4 - 5*t**3/3 + 5*t**2/2 - 2*t + 31. What is g(v)?
-5
Let b(y) = -5*y**2 + 3*y + 5. Let f(o) = -o**2. Let h(a) = -b(a) + 4*f(a). Let x be (-6)/4*(-16)/6. Give h(x).
-1
Suppose -4*r = -3*r - 3. Suppose r*b - 3 + 21 = 0. Let p(v) = v**3 + 6*v**2 + v + 1. What is p(b)?
-5
Let a be (-3 - (-3)/1) + 22. Let g = a + 2. Suppose -2*j - g = -b + 5*b, 2*j = 5*b + 21. Let i(l) = -l**2 - l + 1. Determine i(j).
-1
Suppose -3*f + 12 = f. Let u = 9 - f. Let r(z) = z**2 - 5*z - 6. What is r(u)?
0
Let c(b) = -9*b - 3. Let z(q) = -3*q - 1. Let t(o) = 2*c(o) - 7*z(o). Give t(2).
7
Let k(y) = -3*y**3 + 2*y**2 - 2*y**2 + 1 - 2*y**2 + 6*y**3. Calculate k(2).
17
Let c(g) = -5*g**2 + 10*g + 3. Let y(t) = 14*t**2 - 29*t - 8. Let n = 6 + -10. Let z(l) = n*y(l) - 11*c(l). Give z(5).
4
Let q(u) = 1 + 7*u**2 - 3*u**2 + 5*u - 2 - u**3. Let i(y) = -y**2 - 13*y - 17. Let j be i(-11). Give q(j).
-1
Let k(i) = -i - 22. Let h be k(-17). Let z(x) = 5*x**3 + 10*x**2 - x - 2. Let n(u) = 6*u**3 + 11*u**2 - 2*u - 2. Let a(l) = -4*n(l) + 5*z(l). Determine a(h).
8
Let b(d) be the third derivative of d**6/720 + d**5/20 + d**4/24 - 4*d**2. Let y(f) be the second derivative of b(f). Let l = -15 + 11. What is y(l)?
2
Let k(j) = -j**3 - j**2 - j - 2. Let b(t) = -3*t**3 - 8*t**2 - 3*t + 3. Let q(g) = b(g) - 2*k(g). What is q(-5)?
-13
Let l(p) = -p**2. Let g(u) = -2*u**2 - 4*u + 3. Let i(t) = g(t) - l(t). Let f(o) = -o**2 + 5*o - 3. Let b be f(5). Determine i(b).
6
Let s(c) be the second derivative of -c**3/6 + 9*c**2/2 + 18*c. What is s(0)?
9
Let i = -8 - -3. Let o(a) = 2*a**2 - 9*a + 2. Let t(y) = -y**2 + 7*y - 3. Let h(p) = 2*o(p) + 3*t(p). Calculate h(i).
5
Let y(c) = c**2 - 5*c - 7. Let a(k) = -k**3 + 5*k**2 + 7*k - 3. Let s be a(6). Let h(t) = 3*t + 4. Let j(u) = s*y(u) + 5*h(u). Let g = -3 - -4. Calculate j(g).
2
Let v(l) = 2*l - 2. Let s(b) = 3*b - 3. Let f(o) = -3*s(o) + 4*v(o). Let y(z) = -4*z**3 + z**2 - z + 1. Let q be y(1). Calculate f(q).
4
Let a(i) be the second derivative of i**4/3 - i**3/6 + 3*i**2/2 + 4*i. Let d(k) be the first derivative of a(k). What is d(-1)?
-9
Let a be 6/(1 + (-9)/15). Suppose -6*g + 3*g = -a. Let j(u) = -u**2 + 3*u - 4. What is j(g)?
-14
Let l(y) be the first derivative of y**2/2 + 2*y + 5. Let j(q) = q**2 + 11*q - 18. Let v be j(-12). Give l(v).
-4
Let s(l) be the first derivative of l**4/4 + 7*l**3/3 + l**2/2 - 2*l - 21. Calculate s(-7).
-9
Suppose c + 3*c = 112. Suppose w - 9 = 4*u - c, -10 = -5*u + 4*w. Let q(h) = -h**2 + 6*h - 1. Calculate q(u).
-1
Let i = -20 - -10. Let y be (i/15)/((-4)/(-30)). Let f(o) = -o + 1. Calculate f(y).
6
Let h(n) = -n**2 + 4*n + 58. Let o be h(10). Suppose 0 = 3*v + 3*c - 6, 0 = v - 4*c - 1 - 1. Let f(j) = 0*j**3 - j**3 - j + j**2 + v*j**3. Determine f(o).
-2
Suppose 4 = -2*z + m, m = z + 6*m - 9. Let y(c